{"id":290,"date":"2018-03-05T17:37:58","date_gmt":"2018-03-05T17:37:58","guid":{"rendered":"https:\/\/akgdesign.ch\/akgd\/?page_id=290"},"modified":"2022-11-14T13:27:53","modified_gmt":"2022-11-14T13:27:53","slug":"schmuck-unikate","status":"publish","type":"page","link":"https:\/\/akgdesign.ch\/akgd\/referenzen\/schmuck-unikate\/","title":{"rendered":"Schmuck-Unikate"},"content":{"rendered":"<div id=\"pl-290\"  class=\"panel-layout\" ><div id=\"pg-290-0\"  class=\"panel-grid panel-no-style\" ><div id=\"pgc-290-0-0\"  class=\"panel-grid-cell\" ><div id=\"panel-290-0-0-0\" class=\"so-panel widget widget_sow-editor panel-first-child panel-last-child\" data-index=\"0\" ><div\n\t\t\t\n\t\t\tclass=\"so-widget-sow-editor so-widget-sow-editor-base\"\n\t\t\t\n\t\t>\n<div class=\"siteorigin-widget-tinymce textwidget\">\n\t<h3>Einzelst\u00fccke mit Mehrwert<\/h3>\n<p>Ich hab es schon als Kind geliebt in der Kommode meiner Grossmutter zu st\u00f6bern. Was f\u00fcr Sch\u00e4tze hatte sie darin verborgen. Da gab es so viel zu staunen. Und wenn sie erst ihr N\u00e4hkistchen \u00f6ffnete... Ach ich merke gerade, ich komme schon wieder ins Schw\u00e4rmen. Erinnerungen kommen hoch, sogar der Duft steigt mir in die Nase.<br \/>\nApropos Duft, ich mag es, stundenlang dem Strand entlang zu laufen, den Duft der Algen und die Meeresbrise einzuatmen. Oder durch den verregneten Wald zu schlendern, den Duft von nasser Erde, Moos und Laub einzuatmen und die kleinen Wesen, ihr Glitzern, zu erkennen und ihre Geschenke anzunehmen. Ja, lange Spazierg\u00e4nge, bei denen man so ganz bei sich ist, in seine Gedanken versunken. Und auch da findet man ganz unglaublich sch\u00f6ne Dinge. Rohmaterial f\u00fcr meine Schmuckst\u00fccke.<\/p>\n<\/div>\n<\/div><\/div><\/div><div id=\"pgc-290-0-1\"  class=\"panel-grid-cell\" ><div id=\"panel-290-0-1-0\" class=\"so-panel widget widget_sow-editor panel-first-child panel-last-child\" data-index=\"1\" ><div\n\t\t\t\n\t\t\tclass=\"so-widget-sow-editor so-widget-sow-editor-base\"\n\t\t\t\n\t\t>\n<div class=\"siteorigin-widget-tinymce textwidget\">\n\t<h3>&nbsp;<\/h3>\n<p><img decoding=\"async\" src=\"https:\/\/akgdesign.ch\/akgd\/wp-content\/uploads\/2022\/11\/AmC-Seelen-Mala-persoenlich.jpg\" alt=\"Referenz - Schmuck-Unikat - Seelenmala - akg Design in Zusammenarbeit mit Anna'mCara\" \/><\/p>\n<\/div>\n<\/div><\/div><\/div><\/div><div id=\"pg-290-1\"  class=\"panel-grid panel-no-style\" ><div id=\"pgc-290-1-0\"  class=\"panel-grid-cell\" ><div id=\"panel-290-1-0-0\" class=\"so-panel widget widget_sow-editor panel-first-child panel-last-child\" data-index=\"2\" ><div\n\t\t\t\n\t\t\tclass=\"so-widget-sow-editor so-widget-sow-editor-base\"\n\t\t\t\n\t\t>\n<div class=\"siteorigin-widget-tinymce textwidget\">\n\t<h3>&nbsp;<\/h3>\n<p><img decoding=\"async\" src=\"https:\/\/akgdesign.ch\/akgd\/wp-content\/uploads\/2018\/03\/Referenz-Schmuck-Unikat-Schwemmholz-Svarowski.jpg\" alt=\"Referenz - Schmuck-Unikat - Schwemmholz mit Svarowski - akg Design\" \/><\/p>\n<\/div>\n<\/div><\/div><\/div><div id=\"pgc-290-1-1\"  class=\"panel-grid-cell\" ><div id=\"panel-290-1-1-0\" class=\"so-panel widget widget_sow-editor panel-first-child panel-last-child\" data-index=\"3\" ><div\n\t\t\t\n\t\t\tclass=\"so-widget-sow-editor so-widget-sow-editor-base\"\n\t\t\t\n\t\t>\n<div class=\"siteorigin-widget-tinymce textwidget\">\n\t<h3>Upcycling - wenn Nachhaltigkeit z\u00e4hlt<\/h3>\n<p>Die Wiederverwertung von Fundst\u00fccken, nutzlosen oder nicht mehr gewollten Gegenst\u00e4nden &amp; Materialien hat bei uns einen sehr hohen Stellenwert.<br \/>\nDa wir mit unseren Produkten die Ressourcen so gut es geht schonen m\u00f6chten, verwenden wir f\u00fcr das Erschaffen unserer Einzelst\u00fccke nicht nur Geschenke aus der Natur, sondern auch aus Omas Buffet, N\u00e4hkistchen, von Flohm\u00e4rkten, aus Antiquit\u00e4tenl\u00e4den und auch Second-hand-L\u00e4den sind unsere Lieferanten.<\/p>\n<p>Denn Erinnerungen schaffen neue Erinnerungsst\u00fccke, Glanzst\u00fccke, Unikate und sind Geschichtenerz\u00e4hler.<br \/>\nJedes Einzelne ins rechte Licht ger\u00fcckt!<\/p>\n<\/div>\n<\/div><\/div><\/div><\/div><div id=\"pg-290-2\"  class=\"panel-grid panel-no-style\" ><div id=\"pgc-290-2-0\"  class=\"panel-grid-cell\" ><div id=\"panel-290-2-0-0\" class=\"so-panel widget widget_sow-editor panel-first-child panel-last-child\" data-index=\"4\" ><div\n\t\t\t\n\t\t\tclass=\"so-widget-sow-editor so-widget-sow-editor-base\"\n\t\t\t\n\t\t>\n<div class=\"siteorigin-widget-tinymce textwidget\">\n\t<hr \/>\n<h3>Meine letzten Arbeiten - Schmuck-Unikate<\/h3>\n<\/div>\n<\/div><\/div><\/div><\/div><div id=\"pg-290-3\"  class=\"panel-grid panel-no-style\" ><div id=\"pgc-290-3-0\"  class=\"panel-grid-cell\" ><div id=\"panel-290-3-0-0\" class=\"so-panel widget widget_sow-editor panel-first-child panel-last-child\" data-index=\"5\" ><div\n\t\t\t\n\t\t\tclass=\"so-widget-sow-editor so-widget-sow-editor-base\"\n\t\t\t\n\t\t>\n<div class=\"siteorigin-widget-tinymce textwidget\">\n\t<p><img decoding=\"async\" src=\"https:\/\/akgdesign.ch\/akgd\/wp-content\/uploads\/2018\/03\/Referenz-Schmuck-Unikat-Schwemmholz-Svarowski.jpg\" alt=\"Schwemmholz-Svarowski-Anh\u00e4nger - by akg Design\" \/><strong>Schwemmholz-Svarowski-Anh\u00e4nger<\/strong><\/p>\n<\/div>\n<\/div><\/div><\/div><div id=\"pgc-290-3-1\"  class=\"panel-grid-cell\" ><div id=\"panel-290-3-1-0\" class=\"so-panel widget widget_sow-editor panel-first-child panel-last-child\" data-index=\"6\" ><div\n\t\t\t\n\t\t\tclass=\"so-widget-sow-editor so-widget-sow-editor-base\"\n\t\t\t\n\t\t>\n<div class=\"siteorigin-widget-tinymce textwidget\">\n\t<p><img decoding=\"async\" src=\"https:\/\/akgdesign.ch\/akgd\/wp-content\/uploads\/2018\/03\/Referenz-Schmuck-Unikat-Schwemmholz-Svarowski.jpg\" alt=\"Schwemmholz-Svarowski-Anh\u00e4nger - by akg Design\" \/><strong>Schwemmholz-Svarowski-Anh\u00e4nger<\/strong><\/p>\n<\/div>\n<\/div><\/div><\/div><div id=\"pgc-290-3-2\"  class=\"panel-grid-cell\" ><div id=\"panel-290-3-2-0\" class=\"so-panel widget widget_sow-editor panel-first-child panel-last-child\" data-index=\"7\" ><div\n\t\t\t\n\t\t\tclass=\"so-widget-sow-editor so-widget-sow-editor-base\"\n\t\t\t\n\t\t>\n<div class=\"siteorigin-widget-tinymce textwidget\">\n\t<p><img decoding=\"async\" src=\"https:\/\/akgdesign.ch\/akgd\/wp-content\/uploads\/2018\/03\/Referenz-Schmuck-Unikat-Schwemmholz-Svarowski.jpg\" alt=\"Schwemmholz-Svarowski-Anh\u00e4nger - by akg Design\" \/><strong>Schwemmholz-Svarowski-Anh\u00e4nger<\/strong><\/p>\n<\/div>\n<\/div><\/div><\/div><\/div><div id=\"pg-290-4\"  class=\"panel-grid panel-no-style\" ><div id=\"pgc-290-4-0\"  class=\"panel-grid-cell panel-grid-cell-empty\" ><\/div><div id=\"pgc-290-4-1\"  class=\"panel-grid-cell panel-grid-cell-mobile-last\" ><div id=\"panel-290-4-1-0\" class=\"so-panel widget widget_sow-editor panel-first-child panel-last-child\" data-index=\"8\" ><div\n\t\t\t\n\t\t\tclass=\"so-widget-sow-editor so-widget-sow-editor-base\"\n\t\t\t\n\t\t>\n<div class=\"siteorigin-widget-tinymce textwidget\">\n\t<hr \/>\n<\/div>\n<\/div><\/div><\/div><div id=\"pgc-290-4-2\"  class=\"panel-grid-cell panel-grid-cell-empty\" ><\/div><\/div><\/div>","protected":false},"excerpt":{"rendered":"<p>Einzelst\u00fccke mit Mehrwert Ich hab es schon als Kind geliebt in der Kommode meiner Grossmutter zu st\u00f6bern. Was f\u00fcr Sch\u00e4tze hatte sie darin verborgen. Da gab es so viel zu staunen. Und wenn sie erst ihr N\u00e4hkistchen \u00f6ffnete&#8230; Ach ich merke gerade, ich komme schon wieder ins Schw\u00e4rmen. Erinnerungen kommen hoch, sogar der Duft steigt &hellip; <\/p>\n<p class=\"link-more\"><a href=\"https:\/\/akgdesign.ch\/akgd\/referenzen\/schmuck-unikate\/\" class=\"more-link\"><span class=\"screen-reader-text\">\u201eSchmuck-Unikate\u201c<\/span> weiterlesen<\/a><\/p>\n","protected":false},"author":1,"featured_media":0,"parent":97,"menu_order":1,"comment_status":"closed","ping_status":"closed","template":"","meta":{"footnotes":""},"folder":[],"class_list":["post-290","page","type-page","status-publish","hentry"],"_links":{"self":[{"href":"https:\/\/akgdesign.ch\/akgd\/wp-json\/wp\/v2\/pages\/290","targetHints":{"allow":["GET"]}}],"collection":[{"href":"https:\/\/akgdesign.ch\/akgd\/wp-json\/wp\/v2\/pages"}],"about":[{"href":"https:\/\/akgdesign.ch\/akgd\/wp-json\/wp\/v2\/types\/page"}],"author":[{"embeddable":true,"href":"https:\/\/akgdesign.ch\/akgd\/wp-json\/wp\/v2\/users\/1"}],"replies":[{"embeddable":true,"href":"https:\/\/akgdesign.ch\/akgd\/wp-json\/wp\/v2\/comments?post=290"}],"version-history":[{"count":61,"href":"https:\/\/akgdesign.ch\/akgd\/wp-json\/wp\/v2\/pages\/290\/revisions"}],"predecessor-version":[{"id":536,"href":"https:\/\/akgdesign.ch\/akgd\/wp-json\/wp\/v2\/pages\/290\/revisions\/536"}],"up":[{"embeddable":true,"href":"https:\/\/akgdesign.ch\/akgd\/wp-json\/wp\/v2\/pages\/97"}],"wp:attachment":[{"href":"https:\/\/akgdesign.ch\/akgd\/wp-json\/wp\/v2\/media?parent=290"}],"wp:term":[{"taxonomy":"folder","embeddable":true,"href":"https:\/\/akgdesign.ch\/akgd\/wp-json\/wp\/v2\/folder?post=290"}],"curies":[{"name":"wp","href":"https:\/\/api.w.org\/{rel}","templated":true}]}}